*-3. Let v = k - -37. Suppose y - v = -4*b, -2*b + 7*b = 3*y + 16. What is the units digit of y?
3
Suppose 3*j = -s + 11, -2*s + 5*s + 23 = 5*j. Let h = s + 5. What is the units digit of h?
4
Suppose -8*f = -4*f + 24. Let t(c) = -c**3 - 7*c**2 - 8*c - 1. What is the units digit of t(f)?
1
Let m(g) = g + 16. Suppose -5*y + c = -18, -5*y = -2*y + 3*c. Suppose a = p + 2*p + 4, y*a + 4*p = -40. What is the units digit of m(a)?
8
Let w(x) = -2*x**2 - 6*x. Let c be w(-4). Let v(p) be the second derivative of p**5/20 + 7*p**4/12 - 5*p**3/3 - 7*p**2/2 + 4*p. What is the units digit of v(c)?
9
Suppose -d = -0*d + 24. Let k = 29 - d. What is the tens digit of k?
5
Suppose -104 = -3*b + 4. What is the tens digit of b?
3
Let b = 40 + -39. What is the units digit of b?
1
Suppose v - 38 = -5*x + 155, 5*v = x - 49. What is the units digit of x?
9
Let d be 2/(((-6)/7)/(-3)). Suppose 2*a = -d*n + 2*n + 124, -4*a + 104 = 4*n. What is the units digit of n?
4
Let k(h) = -2*h. Let f(x) = -3*x + 1. Let w(m) = -4*f(m) + 5*k(m). What is the units digit of w(15)?
6
Let d(k) = k**3 + 2*k**2 + k. Let f be d(2). Let a be 6/(-27) - 32/f. What is the units digit of -1 - a - 1 - -1?
1
What is the tens digit of 5/((-20)/(-136))*2?
6
Let i = 166 + -43. What is the units digit of i?
3
Let t = 3 - -7. Suppose 1 = -3*p + t. Let x = 5 - p. What is the units digit of x?
2
Suppose 4*s - 130 = -3*d - 25, -s + 12 = -4*d. What is the tens digit of s?
2
What is the tens digit of -1 + ((-65)/(-1) - 2)?
6
Suppose -x + 105 = 4*x. What is the tens digit of x?
2
Let y = 246 - 105. What is the hundreds digit of y?
1
Suppose 4*q - 5*w - 96 = -w, 4*q = w + 93. Suppose -2*v + 3 = -q. What is the tens digit of v?
1
Let l be (-30)/4*(-24)/30. Suppose -l = -4*a + 54. What is the units digit of a?
5
Let t be (-2)/(-10) + (-38)/(-10). Let j(r) = r**3 - 3*r**2 + r - 4. What is the units digit of j(t)?
6
Let u = -11 + 8. Let h be 1 - (u - (-2 - -4)). What is the tens digit of 3*-5*(-4)/h?
1
Suppose 2*y = 3*h + 6, -1 - 8 = -3*y - h. Suppose y*u = 2*u - 325. What is the units digit of u/(-45) - 2/9?
7
Let p = 1 + 0. Suppose -3*c + p = -14. What is the units digit of c?
5
Let f = 133 - 26. Let o = f - 72. Suppose -2*x + x - o = -4*z, -x - 15 = -2*z. What is the units digit of z?
0
Suppose -k + 4*q = 2*k - 247, -3*k = -2*q - 245. What is the tens digit of k?
8
Suppose -5*g = -2*k + k + 16, 5*k + 3*g = 24. Let y be 2/3 - 16/k. Let q = -1 - y. What is the units digit of q?
1
Let c(w) = -2*w + 4. Let l be c(-6). Suppose 9 = -2*z - 3. Let r = l + z. What is the tens digit of r?
1
Suppose 11*x = 7*x + 28. Let m = x + -6. What is the units digit of m?
1
Let d(i) = 21*i**2 - i - 1. Let v be d(-1). Suppose 4*b = 3*u - 6 - 5, 5*u - 4*b = v. What is the units digit of u?
5
Let m = 513 + -198. What is the units digit of m?
5
Suppose 0*p - 75 = 5*p. Let g = 25 + p. What is the units digit of g?
0
What is the units digit of (-6)/48 + 393/8?
9
Let y be (-1)/(-1 + 2)*3. Let a(n) = -n - 1. Let f(c) = 2*c**2 - 7. Let v(z) = y*a(z) + f(z). What is the units digit of v(-3)?
5
Let h = -9 - -14. Suppose -2*v = 3*v - h*n - 30, 4*v + 3*n - 38 = 0. What is the units digit of v?
8
Let i(o) = -o**2 + 8*o + 3. Let j be i(4). Let w = j + 20. What is the tens digit of w?
3
Let f = 5 - 2. Let c be ((-6)/(-4))/(f/(-6)). What is the units digit of 2 + 1/(c/3)?
1
Suppose 4*w + 9 = 2*r - 5, 4*r - w - 21 = 0. What is the units digit of r?
5
Let t = 203 - 134. Suppose 0 = -3*y + 2*y - 3*l + 19, 0 = -4*y - 5*l + t. What is the units digit of y?
6
What is the tens digit of 4/18 - 561/(-27)?
2
Let p = -3 + 8. Suppose 7 = 3*y - p. What is the units digit of y?
4
Let t(i) = 5*i**3 - 4*i - 5. What is the tens digit of t(4)?
9
Let o(f) = 3*f**2 - f - 1. Let j(k) = -k**2 + k. Let m(x) = j(x) + o(x). What is the units digit of m(-2)?
7
Let d(i) = i**3 - i + 8. What is the units digit of d(4)?
8
Let c(g) = g**2 + 6*g + 4. Let t be c(-6). Suppose t*q - 3 = 3*q. What is the units digit of q?
3
Suppose 0 = -2*m + 2*a + a + 16, 6 = -3*a. Suppose -3*k + 42 = m*i - 3*i, -2*i = 0. Let v = -10 + k. What is the units digit of v?
4
Suppose 2*o = 65 + 43. What is the tens digit of o?
5
Let o(b) = -b**3 + 11*b**2 - 11*b + 14. Let n be o(10). Let f = 15 - n. What is the units digit of f?
1
Let r = -13 - -8. Let g = r + 8. What is the units digit of g?
3
Let v(n) = n**2 - 3*n - 4. Let l be v(4). Suppose -f - 36 = x - 2*f, l = -2*x - 2*f - 68. What is the units digit of 68/7 - 10/x?
0
Let v(g) = 8*g**2 + 2*g - 1. What is the units digit of v(2)?
5
Let s = -90 - -210. What is the hundreds digit of s?
1
Let n = 6 + -5. Suppose 6*q - q - 10 = 0. Suppose -d - 3*g = n, 0*d - g = -q*d + 5. What is the units digit of d?
2
Let f(x) = 2*x**3 + x**2 + 2*x - 1. Let k be f(2). Suppose -k = 5*d - 0*j - j, 22 = -4*d - j. Let y = 8 - d. What is the tens digit of y?
1
Suppose 0 = -2*l - w - w + 20, 2*l = w + 23. What is the tens digit of l?
1
Suppose -5*k + 2*k - 6 = 2*v, 0 = 4*v - k - 16. Suppose -v*z - z + 32 = 0. What is the units digit of z?
8
Let v(u) = u + 15. Let w be v(-11). Suppose -w*i + 59 = 3*m - 0*m, -i = 3*m - 53. What is the units digit of m?
7
Let h(j) = j**2 - j - 11. What is the units digit of h(-8)?
1
Let z = 231 + 163. What is the units digit of z?
4
Let s(z) be the third derivative of -z**5/60 + z**4/3 - z**3/3 + z**2. What is the tens digit of s(3)?
1
Let h(q) = -q**2 - 9*q - 3. Let i be h(-6). Let v be i/4 - (-2)/8. Let b = v + -3. What is the units digit of b?
1
Suppose -5*i + 2*i - 57 = 0. What is the units digit of 1 - (2 + -1 + i)?
9
Suppose 2*c - 6 = 2*j, 4*j + 14 + 4 = c. Let d be c + 34/(-2) + 1. What is the tens digit of d*(-2)/3*1?
1
What is the tens digit of 1*25*48/15?
8
Let a(u) = u + 10. Let t be a(-7). Suppose 3*n + t = -y + 6*y, 5*n = 4*y - 5. What is the units digit of -3 + 2 - 9*n?
8
Let d be 8 + -1 + -3 + 101. Let g = d + -61. What is the units digit of g?
4
Let x(p) = p**2 + 9*p - 6. Let q be x(-10). Suppose -4*s = q*u - 52, 0 = 2*u - u - 3*s + 3. What is the units digit of u?
9
Let l(z) = 6 + 0*z**2 + 2*z**3 - z**3 + 0*z**3 + 5*z**2. What is the units digit of l(-5)?
6
Suppose -4*d + 1 = -7. What is the units digit of d/(-4 - -6) - -42?
3
Let c be 5*(2/(-5) - 0). Let q = c + 3. What is the units digit of q?
1
Let x(c) = -c + 4. Let k be x(2). Suppose 0 = k*h - 16 + 4. What is the units digit of h?
6
Let x = -4 + 2. Suppose -6*l = -l + 45. Let d = x - l. What is the units digit of d?
7
Let i(x) be the second derivative of -x**5/60 + x**4/6 + x**3/3 + 3*x**2/2 - 3*x. Let q(w) be the first derivative of i(w). What is the units digit of q(4)?
2
Let c(i) = -i + 1. Let j be c(1). Let a = j - -8. What is the units digit of a?
8
Suppose -16 = -3*j + 5. Suppose -2*u + j*u = -5*s - 15, 6 = s - 2*u. Suppose 3*d + 3*z + 9 = s, -4*z - 3 = -2*d + 21. What is the units digit of d?
2
Let q be 18/(-5)*(-135)/6. Suppose -9 = 3*r - q. What is the units digit of r?
4
Suppose h - 3*h = 0. Suppose 5*n - 2*n - 84 = h. What is the tens digit of n?
2
Let z(w) = w + 30. Let t be z(0). Suppose t - 102 = -4*g. What is the tens digit of g?
1
Let m(o) = 5*o**3 - 4*o + 3. Let k be m(2). Suppose 5*y - 2*g + 0 = 42, 0 = 4*y - 3*g - k. What is the units digit of y?
8
Let g be 1/4 - 1/4. Let p(k) = k**2 + k + 5. Let q be p(g). Suppose 0 = -q*v - 1 + 16. What is the units digit of v?
3
Let q be 1/(-3 - (-448)/148). Suppose 3*v = -1 + q. What is the units digit of v?
2
Let q(d) = -d**3 + d**2. Let h be q(-1). Suppose 2*g + 8 = -3*u, -h*u - 4 - 6 = -g. Suppose -g*i + 8 = -4. What is the units digit of i?
6
Suppose -3*s + 2*r - 61 = -3*r, 0 = 4*s - 3*r + 63. Let h = s - -40. What is the units digit of h?
8
Let q(h) = 3*h**3 - 2*h - 1. Let y be q(-1). What is the units digit of -1 + y + 10 - -2?
9
Suppose -8 = -q + z, 7*q = 3*q + 2*z + 36. Let t be (19 + 1/(-1))*1. Let s = t - q. What is the units digit of s?
8
Suppose -q = o - 91, 2*o - 8 = -0*o. Suppose -q = -4*r - 3. What is the units digit of r?
1
Suppose 78 + 87 = 5*h. What is the tens digit of h?
3
Suppose -2*r + 0*p = -2*p - 44, 0 = -4*r - 2*p + 58. What is the tens digit of r?
1
Suppose 0 = 2*c - 3 - 7, -3*j + 2*c = -50. Suppose 3*t + t - j = 0. What is the units digit of t?
5
Let t(n) = n**3 - 12*n**2 + 6*n - 6. W